0356.
2, 3, 7, 103, 2203
List the prime factors of 9238090.
2, 5, 923809
List the prime factors of 166788.
2, 3, 41, 113
What are the prime factors of 1500938?
2, 467, 1607
What are the prime factors of 5364019?
5364019
List the prime factors of 16988886.
2, 3, 197, 1597
What are the prime factors of 2180364?
2, 3, 19, 73, 131
List the prime factors of 104326.
2, 52163
What are the prime factors of 642567?
3, 214189
List the prime factors of 28794261.
3, 9598087
What are the prime factors of 152475?
3, 5, 19, 107
What are the prime factors of 18118809?
3, 173, 431
List the prime factors of 4796139.
3, 41, 38993
What are the prime factors of 4167008?
2, 107, 1217
List the prime factors of 192688.
2, 12043
What are the prime factors of 720450?
2, 3, 5, 1601
List the prime factors of 1915043.
13, 147311
What are the prime factors of 3803754?
2, 3, 71, 8929
What are the prime factors of 358226?
2, 11, 19, 857
List the prime factors of 152467.
7, 23, 947
List the prime factors of 503416.
2, 62927
What are the prime factors of 286747?
47, 6101
What are the prime factors of 697773?
3, 232591
List the prime factors of 3716236.
2, 929059
What are the prime factors of 2855320?
2, 5, 13, 17, 19
What are the prime factors of 24411619?
137, 178187
What are the prime factors of 7998244?
2, 1999561
What are the prime factors of 35572410?
2, 3, 5, 89, 4441
What are the prime factors of 3596250?
2, 3, 5, 7, 137
What are the prime factors of 1127993?
1127993
List the prime factors of 771867.
3, 139, 617
List the prime factors of 2633.
2633
What are the prime factors of 2008145?
5, 401629
What are the prime factors of 46105?
5, 9221
List the prime factors of 5038913.
11, 89, 5147
List the prime factors of 621300.
2, 3, 5, 19, 109
List the prime factors of 763272.
2, 3, 10601
List the prime factors of 126570.
2, 3, 5, 4219
List the prime factors of 143216.
2, 8951
What are the prime factors of 5204597?
223, 23339
List the prime factors of 136453.
136453
What are the prime factors of 13625720?
2, 5, 340643
What are the prime factors of 514448?
2, 11, 37, 79
List the prime factors of 12467336.
2, 7, 127, 1753
What are the prime factors of 2623569?
3, 13, 67271
List the prime factors of 9439253.
9439253
List the prime factors of 7195023.
3, 11, 6607
What are the prime factors of 1077812?
2, 59, 4567
What are the prime factors of 2640547?
7, 13, 29017
List the prime factors of 194233.
13, 67, 223
List the prime factors of 625780.
2, 5, 67, 467
What are the prime factors of 687267?
3, 7, 10909
What are the prime factors of 105743?
11, 9613
What are the prime factors of 179074?
2, 7, 12791
List the prime factors of 533886.
2, 3, 101, 881
What are the prime factors of 22701?
3, 7, 23, 47
What are the prime factors of 142307?
11, 17, 761
List the prime factors of 6707448.
2, 3, 11, 941
What are the prime factors of 7910422?
2, 13, 19, 67, 239
List the prime factors of 8344808.
2, 29, 35969
What are the prime factors of 153356?
2, 7, 5477
What are the prime factors of 8868292?
2, 2217073
What are the prime factors of 1380273?
3, 460091
List the prime factors of 28290906.
2, 3, 7, 113, 1987
List the prime factors of 1570258.
2, 785129
List the prime factors of 28582.
2, 31, 461
List the prime factors of 1139993.
1139993
List the prime factors of 13581.
3, 503
What are the prime factors of 12850565?
5, 7, 13, 61, 463
List the prime factors of 90681.
3, 167, 181
What are the prime factors of 849432?
2, 3, 35393
List the prime factors of 73763.
17, 4339
What are the prime factors of 90534?
2, 3, 79, 191
What are the prime factors of 1043920?
2, 5, 13049
List the prime factors of 2071702.
2, 23, 29, 1553
What are the prime factors of 868085?
5, 173617
What are the prime factors of 205948?
2, 51487
List the prime factors of 802837.
7, 114691
What are the prime factors of 446862?
2, 3, 13, 17, 337
List the prime factors of 14071.
14071
What are the prime factors of 1792790?
2, 5, 61, 2939
What are the prime factors of 54635?
5, 7, 223
List the prime factors of 1462137.
3, 149, 3271
List the prime factors of 22576410.
2, 3, 5, 53, 4733
What are the prime factors of 182333?
182333
List the prime factors of 19400822.
2, 7, 23, 60251
What are the prime factors of 1981088?
2, 61909
List the prime factors of 996374.
2, 61, 8167
What are the prime factors of 1175955?
3, 5, 11, 7127
List the prime factors of 343065.
3, 5, 22871
What are the prime factors of 7428620?
2, 5, 19, 113, 173
What are the prime factors of 160831?
11, 14621
List the prime factors of 654918.
2, 3, 11, 9923
What are the prime factors of 66474?
2, 3, 1231
What are the prime factors of 178481?
178481
What are the prime factors of 27181?
7, 11, 353
List the prime factors of 277353.
3, 30817
List the prime factors of 2060.
2, 5, 103
What are the prime factors of 6606566?
2, 19, 23, 7559
List the prime factors of 11368975.
5, 454759
What are the prime factors of 136112?
2, 47, 181
What are the prime factors of 474562?
2, 11, 37, 53
What are the prime factors of 1488139?
1488139
List the prime factors of 14395.
5, 2879
List the prime factors of 2164537.
19, 37, 3079
List the prime factors of 244134.
2, 3, 11, 137
What are the prime factors of 50437?
31, 1627
What are the prime factors of 10159016?
2, 7, 37, 4903
List the prime factors of 736732.
2, 67, 2749
List the prime factors of 12407358.
2, 3, 37, 55889
What are the prime factors of 50265?
3, 5, 1117
List the prime factors of 150318.
2, 3, 7, 1193
What are the prime factors of 12466?
2, 23, 271
What are the prime factors of 4242649?
23, 184463
List the prime factors of 1920525.
3, 5, 29, 883
What are the prime factors of 739861?
739861
What are the prime factors of 2164478?
2, 277, 3907
What are the prime factors of 18698465?
5, 1429, 2617
List the prime factors of 832931.
11, 75721
What are the prime factors of 1566381?
3, 522127
List the prime factors of 1513336.
2, 11, 29, 593
What are the prime factors of 74112?
2, 3, 193
List the prime factors of 454825.
5, 7, 23, 113
What are the prime factors of 2446575?
3, 5, 32621
What are the prime factors of 1644625?
5, 59, 223
What are the prime factors of 533420?
2, 5, 149, 179
List the prime factors of 108256.
2, 17, 199
List the prime factors of 2840002.
2, 11, 167, 773
What are the prime factors of 27736733?
27736733
List the prime factors of 17577490.
2, 5, 7, 17, 14771
List the prime factors of 3746.
2, 1873
List the prime factors of 3765225.
3, 5, 61, 823
List the prime factors of 306984.
2, 3, 12791
What are the prime factors of 4200833?
7, 13, 53, 67
List the prime factors of 122747.
131, 937
What are the prime factors of 733898?
2, 11, 33359
List the prime factors of 292564.
2, 73141
What are the prime factors of 3094157?
11, 83, 3389
What are the prime factors of 77850?
2, 3, 5, 173
What are the prime factors of 1798291?
11, 163481
List the prime factors of 162753.
3, 54251
What are the prime factors of 276666?
2, 3, 13, 3547
List the prime factors of 210447.
3, 67, 349
What are the prime factors of 232403?
277, 839
What are the prime factors of 299704?
2, 37463
What are the prime factors of 1346083?
1346083
What are the prime factors of 1370840?
2, 5, 43, 797
What are the prime factors of 4940879?
4940879
What are the prime factors of 4712450?
2, 5, 307
List the prime factors of 122350.
2, 5, 2447
What are the prime factors of 3109630?
2, 5, 149, 2087
What are the prime factors of 1319140?
2, 5, 65957
List the prime factors of 2379348.
2, 3, 22031
List the prime factors of 183493.
281, 653
List the prime factors of 2551943.
2551943
What are the prime factors of 777862?
2, 388931
List the prime factors of 8797180.
2, 5, 7, 31, 2027
List the prime factors of 2553849.
3, 41, 769
List the prime factors of 417975.
3, 5, 5573
List the prime factors of 139528.
2, 107, 163
What are the prime factors of 14120492?
2, 47, 75109
What are the prime factors of 285500?
2, 5, 571
List the prime factors of 664805.
5, 132961
List the prime factors of 77552.
2, 37, 131
What are the prime factors of 1135552?
2, 11, 1613
List the prime factors of 29723673.
3, 7, 347, 4079
What are the prime factors of 218355?
3, 5, 14557
List the prime factors of 125818.
2, 7, 11, 19, 43
List the prime factors of 2454734.
2, 29, 42323
List 